 8.
96
-4 + 8 - (10 - (24 - 3))
15
-38 - -63 - 37 - (2 - 1)
-13
Calculate 223 + -280 - (3 - (0 - (-7 + 3) - -5)).
-51
What is -122 + -11 + (15 - (-1 + 0 + 0 + -10))?
-107
What is 3 - (-11 + -5 + (8 - -23 - 7)) - -83?
78
What is -30 + -34 + 28 - (-157 + 98)?
23
Calculate (1 - 28) + (123 - (-67 + 195)).
-32
What is 27 - (-54 - (-116 + -57))?
-92
6 + 1 + (12 - 20) + -56 + -1 + 1
-57
What is the value of -2 + 0 + -10 + (-38 - -72 - -36)?
58
Calculate -65 + 11 - (17 - 103).
32
Calculate 61 - ((5 + 5 - 15) + 12) - 2.
52
12 + 4 + -14 - (6 - 4) - -23
23
What is the value of -3 - (9 - (-1 - -1)) - ((-42 - 52) + 24)?
58
Evaluate -4216 - -4205 - (28 - (0 - 1)).
-40
What is (87 - 218) + 145 + (1 - -1 - -1)?
17
Evaluate -24 + -16 + (10 - -1) + (176 - 168).
-21
What is -40 - ((-30 + -10 - -47) + -85)?
38
What is the value of 2 + 91 - (-2 + 3 - (336 - 342))?
86
What is the value of -20 - (38 - (-19 + 49) - 102)?
74
What is the value of -37 - (-21 - (22 - 30)) - -42?
18
-51 + 73 + 33 + (2 - 2)
55
Evaluate (-19 - (37 + -43)) + 53 + 1.
41
Evaluate 88 - (-43 - -125) - -103.
109
Evaluate -48 + 3 + -12 + 2 + 13.
-42
What is the value of 9 - -2 - (5 + -3 - -7) - (-2 - -20)?
-16
Calculate (12 + (3 - 1) - (25 - 19)) + -13.
-5
What is the value of (-15 - ((-8 - -1) + (-361 - -351))) + 47 + 0?
49
What is the value of (20 + -1 - (170 + -133)) + 19?
1
What is the value of -4 + (-5 - (-92 - (40 + -39)))?
84
Evaluate -55 + 7 + (472 - 458).
-34
What is the value of (-119 - -83) + 4 + -8?
-40
Calculate 115 - (-83 + 214) - -20.
4
What is (-65 - -61) + 127 + -12 + -1?
110
What is -28 - (55 + -69) - (1 - 8)?
-7
What is the value of 18 + 65 + -48 + -39 + 118 + (-2 - 0)?
112
Calculate (-418 - -375) + (39 - 2).
-6
Calculate (9 - 5) + -40 + (-30 + -2 - -85).
17
Evaluate 13 + (-9 - (-6 - -8)) + 3 - (19 + 20).
-34
Calculate (-23 - -2 - -93) + -111.
-39
-460 + 576 - (14 + 0 - (13 + -9) - 2)
108
Evaluate (-46 - -13) + 1 + -37.
-69
Calculate 1 + 34 - (12 - (45 + -8) - -34).
26
-36 + (2 - -44) - (-90 - (-7 + 2))
95
Evaluate (-2945 - -2921) + (1 - -1) + 16.
-6
Evaluate -5587 - -5574 - (-2 - (29 - -1)).
19
-153 + (95 - -7) + -25
-76
What is the value of -2 + 7 + 4 + -1 + -186 + 149?
-29
What is (-477 - -402) + (11 - 4) + 24?
-44
What is the value of 0 + -12 + (54 - -14)?
56
What is -50 + (42 - 46) + 48?
-6
What is -29 - (9 - 5 - -2) - (-3 + 12 + -5)?
-39
Calculate 13 - (-64 - ((-12 - -2) + -3 - -11)).
75
What is the value of (36 - (92 + -77)) + 47?
68
Calculate (0 - -10) + 23 + -34 + (4 - 8).
-5
What is the value of 22 - (-47 + 98) - -11?
-18
Calculate -21 + 15 - 8 - (-21 + -20).
27
962 + -911 + 0 + -37
14
What is (-29 - (60 - 134)) + (-24 - 2)?
19
What is (71 - 19) + -84 - (-4 + 47)?
-75
Evaluate 0 + -27 + (-19 - (18 - 96)).
32
Calculate -16 + (13 - (12 - 22 - -32)) + -3 + 9.
-19
What is the value of 223 - 160 - 195 - -59?
-73
Evaluate -19 + -11 + -3 + (-13 - (17 + -38)).
-25
What is the value of 7 + (-3 + -2 + 2 + 35 - (-162 - -161))?
40
What is -12 + 6 + -9 + 2 + 16 + -4 + 12?
11
What is 129 + (20 - 94) - (21 + -2)?
36
(-2951 + 2883 - (-2 + -6)) + 1 + 18
-41
What is (0 + 0 - ((185 - 164) + -33 + 0)) + -36?
-24
What is 66 - ((-2 - -8) + -11 + 2 + 12 + -2)?
59
Calculate 19 - (57 - 40 - 39) - 3.
38
Calculate -2 + (-1 + -11 - (154 - 199) - 0).
31
(-24 + 4 - -18) + -21 + -2
-25
(-6 - (-12 - (17 - -46) - -7)) + -3 + 1
60
Calculate -8 + (3 - (6 + -16) - (18 - 4)) + -72.
-81
What is (29 - -72) + 40 + -33 + (1 - 1)?
108
Calculate (-28 - (-20 - -11)) + 36 - -21.
38
What is the value of 10 + (-4 - (-9 - -7)) + (39 - 26)?
21
Calculate -201 - (-114 + -100) - (-5 + -1).
19
105 - 14 - (22 - -35)
34
Calculate -15 - (-13 - (14 - (19 + 14))).
-21
(12 + 5 + -15 - 10) + -8 + 4 + 39
27
What is 0 - (-7 - -4) - (-19 + 11 + 54)?
-43
Calculate (-1 - 0 - 2) + -12 + -18 + 53 + -20.
0
(109 - (169 + -75)) + -13 + (2 - 2)
2
What is (10 - 1 - 1) + (-40 - -48 - -28) + 28?
72
What is the value of -5 + 9 + 10 - (-5 + 96 - (-22 + 12))?
-87
What is -13972 + 13946 - ((15 - 2) + 1)?
-40
Evaluate 4 - 0 - (11 - 32 - -4 - -16).
5
22 + 21 - (-16 + (5 - -11))
43
What is -61 + 39 + 33 + 15?
26
(2 - 12) + -20 + 111 + -10
71
What is the value of -69 + (0 + -10 - (4 + -26)) + -14?
-71
What is the value of (61 + 18 - (-23 + 19 + -13)) + -23?
73
Evaluate (13 - 51) + 43 - 60.
-55
4 + (10 - ((103 - 8) + 11 + (-11 - -14)))
-95
Calculate 0 + 13 - (-14 + (-21 + 43 - -12)).
-7
-810 + 796 - ((1 - 3 - -2) + -92)
78
What is the value of -14 + 6 + 16 - (239 - 239)?
8
Calculate -65 + (-36 - (27 + -55)).
-73
Calculate 2 + 10 + (433 - 441 - (-2 - (-3 - -16))).
19
-8 - (-19 + (15 - (2 - 71))) - (-8 + 0)
-65
Calculate (1 - 9 - 12) + 8 + 27 + 27.
42
Evaluate -14 - (14 + (-13 + 11 - 12) + 8).
-22
What is (4 + 2 - (69 + -50)) + 27 - 98?
-84
What is 19 + -15 + (0 - -1) - (0 - -25) - -2?
-18
What is the value of 47 - (-44 - (-24 - 33))?
34
What is the value of (10 - 0) + 27 + 4 + (-11 - -13)?
43
Calculate 5 - -16 - (103 + (-124 - -26)).
16
Calculate 64 + (94 - -8) + -58.
108
Calculate (-3 + -13 + 30 - 16) + 16 + -105.
-91
What is -24 + 38 - 16 - (-85 + -3 + -3)?
89
Calculate 100 - (-13 - (18 - (47 + 1))).
83
Evaluate (-88 + 113 - -67) + -10.
82
-1 + (2 - 0) + (-51 - -75)
25
What is the value of 143 - (83 - (-24 + 22))?
58
3 + 20 + (-33 - -20 - 33)
-23
Calculate -12 + -84 + 130 - -97.
131
Calculate -763 + 781 - (0 - -25).
-7
Calculate 47 - ((-4 + 27 - -33) + 36).
-45
What is the value of (-84 - 88) + 111 + (0 - (1 + -4))?
-58
What is the value of -42 + 162 + -47 + -27?
46
Evaluate -13 - ((-14 + 30 - (-3 + 11)) + -27).
6
Calculate -37 + (-50 - -48) - (-6 + 3 + 6 + 4).
-46
Evaluate -23 - -15 - -36 - 6.
22
Evaluate -51 + 56 - 1 - (3 - (0 - -2) - 3).
6
What is the value of 151 - 137 - (-15 + -45)?
74
What is (-2 + 8 + 3 + 13 - (-9 + 20)) + -62?
-51
Evaluate 99 - (-13 - -80 - 15).
47
Evaluate -27 - 0 - (-64 + (-81 - -148)).
-30
What is the value of -16 - (7 + 0 - -13 - (40 + -28))?
-24
Calculate -37 + 162 - 90 - (-1 - (0 + -2)).
34
Calculate -6 - (-1 - (58 + 4)) - (30 - 46).
73
What is 1028 + -996 - (-1 - -30)?
3
-31 + (83 - (72 + -73))
53
Evaluate 0 + 20 + (0 + 23 - 18).
25
(-4 - -3 - 25) + (12 - (-13 + 24))
-25
What is the value of 25 + -25 + 18 + 26 + -54?
-10
Evaluate -573 + 512 + 30 + 5.
-26
Calculate 242 + -277 + (42 - -2).
9
Evaluate (-15 + -26 - 6) + 28 + -1 + -3.
-23
(9 - (38 - 37)) + (-59 + 0 - -6)
-45
Evaluate 2 + 16 + (3 - (15 + -6) - 68).
-56
Evaluate 2 + 3 - (2 + 6) - (4 + 7 - 12).
-2
Calculate 1 + -80 + -1 + ((24 - 7) + -12 - -3).
-72
What is 14 + -4 - (-11 + 18) - (-42 + 15)?
30
Calculate (48 - (-34 + 52)) + -80.
-50
What is -3 - (17 - 31) - (-1 - (3 + -50))?
-35
(184 - 227) + (10 - -7)
-26
Evaluate (-14 - (1 - (-1 - -1))) + (794 + -1862 - -1038).
-45
0 + -2 + (26 + -26 + 5 - -50)
53
Evaluate -5741 + 5807 - (119 - 1).
-52
Evaluate -67 + (-1 + (1 - 0) - -19) + 4 + -11.
-55
-37 - (-9 - 135) - 55
52
Calculate -11 + (59 - 38) + (-17 - 1).
-8
52 - (22 + 95 - 131)
66
-53 + (67 - (-18 + 14))
18
Calculate (-19 - (11 - 77 - -20)) + -10.
17
Evaluate 13 + (142 - 157) + (-1 - (-1 - 6)) - 60.
-56
Calculate -530 + 555 + (1 - 15).
11
-1 + 0 + -8 - (-43 + (161 - 76))
-51
Calculate 23 + -25 + 10 + ((0 - -25) + 0 - 4).
29
Evaluate 51 - (22 + (20 - 13) + -11).
33
-79 + -24 + 18 - ((-3 - 0) + -40 + 31)
-73
-40 + 163 + (-7 + -34 - -43)
125
Evaluate (-3 - -35) + -17 - -61.
76
What is the value of -90 + (18 - (-7 - -20)) + (-27 - -15)?
-97
Evaluate -9 + 2 + 0 + -2 - (85 + -82) - -33.
21
What is -138 - -7 - (-4 + -7 + 2) - 16?
-138
Calculate 221 + -239 + (3 - -84) + 10.
79
What is -8 + -2 - (-65 + (41 - -85))?
-71
What is (-584 - -579) + (0 - 10)?
-15
-4 + -29 + 56 + 3 + 9 + 1
36
Calculate (-3 - -17) + (-5 - (9 - 8)) - -33.
41
Evaluate (-8 - -3) + (33 - (2 - -9 - 8)) + 11.
36
What is the value of 1741 - 1710 - (0 + 22)?
9
-19 - (-31 - (-28 - -10))
-6
128 - (-33 + (206 - 93))
48
68 - (7 - (21 - 99))
-17
(30 - (-13 - -22)) + -13 + (-11 - -19)
16
Evaluate -4 - ((7 - 9) + -96 - (-34 + -18 + 41)).
83
What is 3 + (8 - (-6 - -11)) - (-5 + -23)?
34
Evaluate (-1 - (1 - 7)) + 5 + (4 - -8) + -20.
2
What is 4447 + -4541 - (-10 + -2)?
-82
315 + -325 + (34 - -2)
26
Calculate -57 + 2 - (-13 + 16 + (2 - (9 - 11))).
-62
Evaluate -1 + -1 + -12 + 0 + 8 + 114.
108
-23 - (75 - -9) - 